
3 - 0 - -3 - 6
0
What is the value of (-9 - (4 - 4) - -3) + 4?
-2
What is the value of 2 + 2 + -4 + 3?
3
1 - (-5 + 10) - -9
5
What is the value of 3 + -2 + (4 - 4)?
1
Evaluate 2 + (-3 - 1) - (-2 + -1).
1
What is (-9 - -2) + 5 - -4?
2
What is -1 - (1 - 5 - (4 - 9))?
-2
What is 7 - (-4 - -6) - (-2 + 4)?
3
Calculate -5 - (-10 + 12 + -16).
9
Evaluate -3 - (-2 - 1 - 0).
0
What is the value of -5 + (-2 - 3 - -13)?
3
What is the value of (0 - -3) + -4 + 0 - 4?
-5
What is 9 + -12 + -2 - (1 - 6)?
0
Evaluate 5 + (5 - 3) - 5.
2
Calculate 3 + 1 - (2 + -2 + 3).
1
What is the value of -12 + 1 - (-6 - 0)?
-5
Evaluate 30 + -29 - (0 - -3).
-2
What is 9 + -3 + -18 - -5 - -4?
-3
What is the value of 11 + -1 + -7 + 5?
8
What is the value of -2 + 5 - 5 - 3?
-5
Calculate -4 + 3 + 0 + 1 + 1.
1
(9 + -2 - 4) + (2 - 1)
4
1 - 3 - (-1 - 0 - -1)
-2
Evaluate 17 + -4 - 11 - (4 - 1).
-1
Evaluate -8 - (-3 + 10 + -13).
-2
Evaluate 0 + 7 + 0 + -7.
0
What is 1 - (2 - 3 - (2 - 6))?
-2
Calculate (-1 - -2) + -1 + 5 - 1.
4
Evaluate 2 - (1 + -3 + 4) - 0.
0
What is the value of (-11 - 0) + 4 + -3 + 4?
-6
0 + -11 + 13 - -5
7
-1 + 5 - -1 - -2 - 2
5
7 + (3 - (7 - 4))
7
Evaluate 3 + -9 + (-25 - -24).
-7
(8 + 2 - 4) + (-1 - 2)
3
(0 - 9) + 4 - (4 + -4)
-5
What is the value of (13 - (9 - -10)) + 8?
2
What is 4 - (8 - (-2 - 0))?
-6
What is -157 + 149 - (-1 + -5)?
-2
Calculate 3 + (-3 - 2) + -2.
-4
What is (1 - 1 - -3 - -2) + -1?
4
What is the value of 3 - (1 + (-5 - -2)) - 0?
5
What is -1 + -3 + 9 - (-15 - -28)?
-8
1 - (1 - 2) - (-3 - -3)
2
(-6 - -3) + -2 + 6
1
Calculate -4 - -4 - (3 + -8).
5
-19 - -3 - (-4 - 2)
-10
Calculate -2 - (-4 + 3 + 3 + -1).
-3
Calculate 3 + (-3 - (-2 - 1)).
3
What is the value of 0 + (3 + -3 + -1 - 2)?
-3
Evaluate 10 + (3 - -5 - 20).
-2
Calculate -1 - -3 - (2 + -3) - -2.
5
What is the value of -2 + -6 + -7 + 11?
-4
What is the value of -1 + (-5 - -3) + 2 + 5?
4
Calculate -3 + (2 - 3 - -1) + -1.
-4
Calculate -9 + (2 - -4 - 0).
-3
What is the value of (4 - 15 - -6) + 4 + 1?
0
Evaluate 5 + 1 + -2 + (0 - 6).
-2
Evaluate -11 - -16 - (0 + -1 - -15).
-9
-2 + 4 + -4 + (-24 - -16)
-10
161 - 163 - (1 + -5 + -1)
3
What is the value of -6 + 2 - (-2 - (14 - 9))?
3
What is 4 - (-7 + 8) - (1 + 0)?
2
What is 1 - (0 + 1) - (14 + -16)?
2
What is -1 + 1 + 0 - (1 + 1)?
-2
Calculate 2 - 0 - 7 - (0 - 0).
-5
Calculate 3 + 1 + 0 + 1.
5
What is -5 + -1 - -4 - -2?
0
Calculate -7 - (8 + (-4 - 18)).
7
What is the value of (1 - -2) + (7 - 8)?
2
Evaluate -8 + 4 + 2 - -5.
3
What is the value of (7 - -2) + 3 + -2?
10
Evaluate -6 + 7 - ((0 - 1) + -3).
5
Evaluate 7 + -14 + 3 - -2 - 3.
-5
What is the value of 1 + -1 + (1 - 1)?
0
What is the value of 3 - (-3 + (4 - 3))?
5
What is the value of 1 + 0 + 6 + -5 + -3?
-1
Evaluate 2 - 0 - (26 + -20).
-4
Evaluate (4 - 4) + 1 + -2.
-1
(1 - 2) + 3 + 7 + -4
5
Evaluate -1 + 1 + (-1 - 0).
-1
1 + (5 - 7) - (-9 - 0)
8
What is the value of 30 + -33 + (0 - -2)?
-1
What is (4 - -7) + (0 + -10 - -2)?
3
What is (2 - (-6 - -1)) + (11 - 17)?
1
Evaluate -6 - (-5 - (5 + -14 - -4)).
-6
Evaluate 0 + 2 + (-45 - -44).
1
Evaluate -6 + 12 + -1 + 0.
5
Evaluate 2 - (-6 + 4 - -1).
3
Calculate 2 - (9 - 12 - -3).
2
Evaluate -4 + -6 + 8 + -5.
-7
What is the value of (10 - (2 - -5)) + (1 - 6)?
-2
What is 2 + (-2 - (-5 + 3) - 8)?
-6
Calculate 5 + (1 - 7 - 1).
-2
Evaluate (-4 - -4) + -3 + 0.
-3
What is the value of (-2 - -4) + 0 - (-2 - -6)?
-2
What is the value of (9 - (1 - -5)) + -2 + 5?
6
What is the value of -6 + (14 - 6) - 4?
-2
Calculate 1 + -2 + 6 + 2 + -3.
4
What is -1 - (7 - 1) - (-36 + 33)?
-4
What is the value of -1 + -4 + (2 - -3 - 4)?
-4
Calculate (3 - (0 + (5 - 5))) + 3.
6
(42 - 42) + (1 - -3)
4
(3 + (-6 - 1) - 1) + 3
-2
What is the value of (-1 - 1) + 4 + -9 + 2?
-5
Calculate -6 + (-4 - -4) - -10.
4
Calculate -6 + (4 - 3) - (-15 + 6).
4
Calculate -6 - (-10 + 2) - (1 - 1).
2
What is (-14 - -8 - (-5 - -1)) + -5?
-7
Calculate -6 + 7 + 2 + -5.
-2
What is -17 - (-3 - 16) - (0 + -2)?
4
2 - -2 - (-3 + 9)
-2
Evaluate -10 + 4 + 1 - -2.
-3
What is the value of (3 - 16) + -3 + 13?
-3
Calculate 2 + (8 - (6 - -1)).
3
23 + -20 - (4 - 0)
-1
What is the value of (1 - 2) + (-1 - -1) + -1?
-2
0 + 1 + 0 + (-2 - 1)
-2
What is the value of 10 - (11 + -20 - -11)?
8
What is -22 - -13 - (1 + -8)?
-2
Calculate -9 - -4 - -1 - 0.
-4
What is the value of -6 + 6 + -2 + (21 - 28)?
-9
Evaluate (3 - 4) + 7 - 3.
3
Evaluate -144 + 149 - (0 + 12).
-7
Calculate 1 + 5 + 7 + -11 + -3.
-1
Evaluate -21 + (-12 - -17 - -7).
-9
What is (4 - (-2 + 10)) + 3 + 2?
1
5 - (-3 - -2 - -11) - 3
-8
What is (-4 - -14 - 4) + -1?
5
What is the value of -1 + -2 + -1 + 1?
-3
Evaluate -12 + 13 + (4 - 1).
4
-4 - (2 + 0) - (12 + -15)
-3
What is 1 - (0 + 3) - 1 - 2?
-5
-11 - (-15 + (-4 - -16))
-8
Calculate -9 + 11 + (-7 - -2) + 1.
-2
Calculate (2 - -5 - 3) + -1 + 2.
5
(13 - 5 - (6 - 2)) + -2
2
Calculate (-7 - 1) + (11 - (4 + 5)).
-6
What is the value of (-1 + -6 - -15) + -11?
-3
What is the value of -1 + (-2 - (-1 - 4)) + -5?
-3
Calculate -2 + -6 + 0 + 3.
-5
What is the value of 3 - (0 + (-6 - -10))?
-1
What is the value of -1 + -2 + (2 - 1 - -4)?
2
What is -4 + (8 - (-5 - -8))?
1
Evaluate -6 - (-6 + -5 + -7 + 4).
8
Calculate -12 + 9 - (-5 + 0 + 4).
-2
What is (-7 - -7) + (-4 + -7 - -5)?
-6
What is the value of (-3 - 0 - -2) + 1?
0
What is 3 + -1 - (2 - 2 - -1)?
1
(-1 - -4) + (-1 - (11 + -9))
0
Calculate 0 - (-1 - (2 - 5)) - -6.
4
(-1 + -4 - (9 - 5)) + 4
-5
What is -3 + 5 + -8 + 7?
1
Calculate -4 - (4 - -1 - (-5 - -19)).
5
4 + (-6 - 0) - (7 - 7)
-2
Evaluate -4 - ((3 - 10) + 5).
-2
Evaluate -1 + 5 + (3 - 8) - 1.
-2
(-1 + 1 - (2 + 1)) + 3
0
What is 5 - ((19 - 17) + -1 + -2)?
6
Evaluate (-5 - -2) + 3 + -2.
-2
Calculate -2 - (-5 - (-22 - -11)).
-8
-18 - -3 - (-14 + 2)
-3
(-6 - (12 + -24)) + -1 + -4
1
What is 2 - 7 - (2 + -3) - -4?
0
Calculate 3 + -9 + 4 - 2.
-4
Evaluate 195 + -189 + -12 + 1.
-5
-1 + (-5 - -7) + -3
-2
Evaluate 9 - (-12 - -21) - (3 - 1).
-2
-14 + 11 - -7 - (0 + 5)
-1
What is the value of (1 - -1) + (-5 - -5)?
2
Calculate 3 - 2 - (10 - 7).
-2
What is (7 - (15 + -5)) + 4?
1
Evaluate -8 + (-2 - -24) + -4 + -5.
5
Evaluate 53 + -50 - (2 + 0).
1
What is (3 - 6 - -2) + -2?
-3
Evaluate 9 + -5 + -8 - -6.
2
Calculate -16 + (5 - -11 - 5).
-5
Calculate -14 + 17 - (1 - (5 - 10)).
-3
-3 - -10 - 2 - (4 - 0)
1
What is the value of -8 + 8 + -7 + 3?
-4
(2 - -1) + -5 + (8 - 4)
2
12 + (-18 - -2) + 14
10
What is the value of (-23 - -19) + (7 + -2 - 0)?
1
Evaluate 2 + (-3 - (-2 - 1)).
2
Evaluate -1 - 1 - (-20 - -15).
3
-1 - (4 - (5 - (-8 - -11)))
-3
What is 4 + 0 + -6 + 7?
5
7 + -7 + (-5 - -11) + -5
1
What is -4 + -5 - -8 - 1?
-2
Evaluate 7 - (-3 - -8) - 7.
-5
What is the value of -15 + 14 - (-2 - 6)?
7
-3 - (-1 - (-5 - -5))
-2
-1 + (1 - 0) + 0
0
Evaluate (7 - -4) + -12 + -2.
-3
(-5 - (-7 + 11)) + (-1 - -4)
-6
Calculate -10 + -1 + (-12 - -17).
-6
Calculate (182 - 183) + 1 + -2 + -1.
-3
Calculate (-2 - -5) + 6 + -12 + 5.
2
Evaluate 2 + (1 + -7 - -6).
2
What is the value of -8 + 11 - (-3 + 2)?
4
What is 10 + -14 + 11 - 11?
-4
16 + -4 - 13 - (4 + -1)
-4
Calculate (10 - 3) + (-4 - 0).
3
Calculate (0 - -1) + (2 + 2 - 7).
-2
Calculate 138 + -140 + -5 + 1 + -2.
-8
Calculate 3 + (5 - 3) + -16 + 18.
7
What is the value of 3 - (19 + 7 + -22)?
-1
3 - (0 + (-2 - -2))
3
Calculate (2 - 1) + (1 - -3 - 7).
-2
What is the value of (-11 - -6 - -9) + (-3 - 2)?
-1
Evaluate -1 + -7 + 8 + -4.
-4
What is (4 + -1 - 2 - 0) + -4?
-3
Calculate -3 - (-1 + (-2 - 0)).
0
What is -13 - (7 + (-14 - -1))?
-7
Calculate 13 + -3 + -41 + 35.
4
Evaluate (-6 - (-16 - -7)) + -11.
-8
Evaluate (-3 - 2) + -6 + 8.
-3
Evaluate -2 - (0 + 2) - (1 - 10).
5
-17 - -21 - (1 + -2 - -1)
4
8 - (8 - (3 - 0))
3
Calculate -10 + (1 - -14) - 13.
-8
What is the value of (9 - 6) + (-7 - -1)?
-3
What is 43 + -52 + (7 - 1)?
-3
Calculate -1 + (0 - 4 - (-12 + 14)).
-7
Evaluate 2 + 4 + -3 + -1 + -4.
-2
Evaluate 3 + 0 + 0 - 0.
3
What is (2 - -5 - -6) + -11?
2
Evaluate -25 - -26 - (-4 + 1).
4
(0 - (9 + -5)) + 4 + -1
-1
What is 2 - (-5 + (2 - -1))?
4
(-20 - -15) + 0 + 1
-4
Evaluate -6 - -2 - 1 - (-2 + 2).
-5
-1 - -2 - (1 + -5)
5
Calculate -5 + -4 + 3 + 1.
-5
What is the value of (1 - 4 - -2) + 1 + -1?
-1
What is 3 - ((-1 - 3) + 10 - 1)?
-2
What is 9 - (3 - (-8 - -5)) - -4?
7
What is the value of 6 - (-5 + (2 